{"id":596,"date":"2025-11-10T19:24:24","date_gmt":"2025-11-10T19:24:24","guid":{"rendered":"https:\/\/stromkostenimblick.entwicklung.waerner-techservices.de\/?page_id=596"},"modified":"2025-11-10T19:25:00","modified_gmt":"2025-11-10T19:25:00","slug":"datenschutz","status":"publish","type":"page","link":"https:\/\/stromkostenimblick.entwicklung.waerner-techservices.de\/index.php\/datenschutz\/","title":{"rendered":"Datenschutzerkl\u00e4rung"},"content":{"rendered":"\t\t<div data-elementor-type=\"wp-page\" data-elementor-id=\"596\" class=\"elementor elementor-596\">\n\t\t\t\t<div class=\"elementor-element elementor-element-6a187ff e-flex e-con-boxed e-con e-parent\" data-id=\"6a187ff\" data-element_type=\"container\">\n\t\t\t\t\t<div class=\"e-con-inner\">\n\t\t<div class=\"elementor-element elementor-element-4dc058a2 e-con-full e-flex e-con e-child\" data-id=\"4dc058a2\" data-element_type=\"container\">\n\t\t<div class=\"elementor-element elementor-element-39c7afef e-con-full e-flex e-con e-child\" data-id=\"39c7afef\" data-element_type=\"container\">\n\t\t\t\t<div class=\"elementor-element elementor-element-16472078 elementor-icon-list--layout-inline elementor-align-left elementor-list-item-link-full_width elementor-invisible elementor-widget elementor-widget-icon-list\" data-id=\"16472078\" data-element_type=\"widget\" data-settings=\"{&quot;_animation&quot;:&quot;fadeInUp&quot;}\" data-widget_type=\"icon-list.default\">\n\t\t\t\t\t\t\t<ul class=\"elementor-icon-list-items elementor-inline-items\">\n\t\t\t\t\t\t\t<li class=\"elementor-icon-list-item elementor-inline-item\">\n\t\t\t\t\t\t\t\t\t\t\t<span class=\"elementor-icon-list-icon\">\n\t\t\t\t\t\t\t<i aria-hidden=\"true\" class=\"icon icon-justice-1\"><\/i>\t\t\t\t\t\t<\/span>\n\t\t\t\t\t\t\t\t\t\t<span class=\"elementor-icon-list-text\">RECHTLICHE INFORMATIONEN<\/span>\n\t\t\t\t\t\t\t\t\t<\/li>\n\t\t\t\t\t\t<\/ul>\n\t\t\t\t\t\t<\/div>\n\t\t\t\t<div class=\"elementor-element elementor-element-7832e0ca elementor-invisible elementor-widget elementor-widget-heading\" data-id=\"7832e0ca\" data-element_type=\"widget\" data-settings=\"{&quot;_animation&quot;:&quot;fadeInUp&quot;}\" data-widget_type=\"heading.default\">\n\t\t\t\t\t<h2 class=\"elementor-heading-title elementor-size-default\">Datenschutzerkl\u00e4rung<\/h2>\t\t\t\t<\/div>\n\t\t\t\t<\/div>\n\t\t<div class=\"elementor-element elementor-element-17a5c115 e-con-full e-flex e-con e-child\" data-id=\"17a5c115\" data-element_type=\"container\">\n\t\t<div class=\"elementor-element elementor-element-591608c6 e-con-full e-flex e-con e-child\" data-id=\"591608c6\" data-element_type=\"container\">\n\t\t\t\t<div class=\"elementor-element elementor-element-10b598aa elementor-align-right elementor-invisible elementor-widget elementor-widget-button\" data-id=\"10b598aa\" data-element_type=\"widget\" data-settings=\"{&quot;_animation&quot;:&quot;bounceIn&quot;}\" data-widget_type=\"button.default\">\n\t\t\t\t\t\t\t\t\t\t<a class=\"elementor-button elementor-button-link elementor-size-sm\" href=\"https:\/\/stromkostenimblick.entwicklung.waerner-techservices.de\/\">\n\t\t\t\t\t\t<span class=\"elementor-button-content-wrapper\">\n\t\t\t\t\t\t<span class=\"elementor-button-icon\">\n\t\t\t\t<i aria-hidden=\"true\" class=\"jki jki-arrow-up-right-line\"><\/i>\t\t\t<\/span>\n\t\t\t\t\t\t\t\t\t<span class=\"elementor-button-text\">Zur Startseite<\/span>\n\t\t\t\t\t<\/span>\n\t\t\t\t\t<\/a>\n\t\t\t\t\t\t\t\t<\/div>\n\t\t\t\t<\/div>\n\t\t\t\t<\/div>\n\t\t\t\t<\/div>\n\t\t<div class=\"elementor-element elementor-element-79a1c8e9 e-con-full e-flex e-con e-child\" data-id=\"79a1c8e9\" data-element_type=\"container\">\n\t\t\t\t<div class=\"elementor-element elementor-element-c289e32 elementor-widget elementor-widget-html\" data-id=\"c289e32\" data-element_type=\"widget\" data-widget_type=\"html.default\">\n\t\t\t\t\t<section id=\"datenschutz\" class=\"privacy-policy\">\r\n\r\n  <h3>1. Verantwortlicher<\/h3>\r\n  <p>\r\n    Verantwortlich f\u00fcr die Datenverarbeitung auf dieser Website ist:<br><br>\r\n    <strong>Stromkostenimblick<\/strong><br>\r\n    Inhaber: Jens&nbsp;Barth<br>\r\n    Marquardstra\u00dfe&nbsp;9<br>\r\n    76835&nbsp;Hainfeld<br>\r\n    Telefon: <a href=\"tel:063237040576\">06323&nbsp;7040576<\/a><br>\r\n    E-Mail: <a href=\"mailto:info@stromkostenimblick.de\">info@stromkostenimblick.de<\/a>\r\n  <\/p>\r\n\r\n  <h3>2. Allgemeines zur Datenverarbeitung<\/h3>\r\n  <p>\r\n    Wir verarbeiten personenbezogene Daten unserer Nutzer grunds\u00e4tzlich nur, soweit dies zur\r\n    Bereitstellung einer funktionsf\u00e4higen Website sowie unserer Inhalte und Leistungen erforderlich ist.\r\n    Die Verarbeitung personenbezogener Daten erfolgt regelm\u00e4\u00dfig nur nach Einwilligung des Nutzers\r\n    oder wenn die Verarbeitung durch gesetzliche Vorschriften gestattet ist.\r\n  <\/p>\r\n\r\n  <h3>3. Server-Logfiles<\/h3>\r\n  <p>\r\n    Beim Aufruf unserer Website werden automatisch Informationen allgemeiner Natur erfasst.\r\n    Diese Informationen (Server-Logfiles) beinhalten etwa:\r\n  <\/p>\r\n  <ul>\r\n    <li>IP-Adresse des aufrufenden Ger\u00e4ts<\/li>\r\n    <li>Datum und Uhrzeit des Zugriffs<\/li>\r\n    <li>Name und URL der abgerufenen Datei<\/li>\r\n    <li>Website, von der aus der Zugriff erfolgt (Referrer-URL)<\/li>\r\n    <li>verwendeter Browser und ggf. das Betriebssystem des Nutzers<\/li>\r\n  <\/ul>\r\n  <p>\r\n    Die Verarbeitung erfolgt gem\u00e4\u00df Art.&nbsp;6&nbsp;Abs.&nbsp;1&nbsp;lit.&nbsp;f&nbsp;DSGVO auf Grundlage unseres\r\n    berechtigten Interesses an der Verbesserung der Stabilit\u00e4t und Funktionalit\u00e4t der Website.\r\n    Eine Weitergabe oder anderweitige Verwendung der Daten findet nicht statt.\r\n  <\/p>\r\n\r\n  <h3>4. Verwendung des Kontaktformulars<\/h3>\r\n  <p>\r\n    Wenn Sie uns per Kontaktformular Anfragen zukommen lassen, werden Ihre Angaben aus dem Formular\r\n    inklusive der von Ihnen dort angegebenen Kontaktdaten zwecks Bearbeitung der Anfrage und f\u00fcr den Fall\r\n    von Anschlussfragen bei uns gespeichert. Diese Daten geben wir nicht ohne Ihre Einwilligung weiter.\r\n  <\/p>\r\n  <p>\r\n    Die Verarbeitung der in das Kontaktformular eingegebenen Daten erfolgt somit ausschlie\u00dflich auf Grundlage\r\n    Ihrer Einwilligung (Art.&nbsp;6&nbsp;Abs.&nbsp;1&nbsp;lit.&nbsp;a&nbsp;DSGVO). Sie k\u00f6nnen diese Einwilligung jederzeit\r\n    widerrufen. Dazu reicht eine formlose Mitteilung per E-Mail. Die Rechtm\u00e4\u00dfigkeit der bis zum Widerruf\r\n    erfolgten Datenverarbeitungsvorg\u00e4nge bleibt vom Widerruf unber\u00fchrt.\r\n  <\/p>\r\n\r\n  <h3>5. Speicherung und L\u00f6schung<\/h3>\r\n  <p>\r\n    Personenbezogene Daten werden gel\u00f6scht oder gesperrt, sobald der Zweck der Speicherung entf\u00e4llt oder Sie\r\n    Ihre Einwilligung widerrufen, sofern keine gesetzlichen Aufbewahrungspflichten entgegenstehen.\r\n  <\/p>\r\n\r\n  <h3>6. Ihre Rechte<\/h3>\r\n  <p>\r\n    Sie haben das Recht:\r\n  <\/p>\r\n  <ul>\r\n    <li>Auskunft \u00fcber Ihre bei uns gespeicherten Daten zu erhalten (Art.&nbsp;15&nbsp;DSGVO),<\/li>\r\n    <li>Berichtigung unrichtiger oder Vervollst\u00e4ndigung unvollst\u00e4ndiger Daten zu verlangen (Art.&nbsp;16&nbsp;DSGVO),<\/li>\r\n    <li>L\u00f6schung Ihrer bei uns gespeicherten Daten zu verlangen (Art.&nbsp;17&nbsp;DSGVO),<\/li>\r\n    <li>die Einschr\u00e4nkung der Verarbeitung zu verlangen (Art.&nbsp;18&nbsp;DSGVO),<\/li>\r\n    <li>Widerspruch gegen die Verarbeitung Ihrer Daten einzulegen (Art.&nbsp;21&nbsp;DSGVO),<\/li>\r\n    <li>und Daten\u00fcbertragbarkeit zu fordern (Art.&nbsp;20&nbsp;DSGVO).<\/li>\r\n  <\/ul>\r\n  <p>\r\n    Dar\u00fcber hinaus besteht ein Beschwerderecht bei der zust\u00e4ndigen Datenschutzaufsichtsbeh\u00f6rde gem\u00e4\u00df Art.&nbsp;77&nbsp;DSGVO.\r\n  <\/p>\r\n\r\n  <h3>7. SSL- bzw. TLS-Verschl\u00fcsselung<\/h3>\r\n  <p>\r\n    Diese Seite nutzt aus Sicherheitsgr\u00fcnden und zum Schutz der \u00dcbertragung vertraulicher Inhalte, wie zum Beispiel\r\n    Anfragen \u00fcber das Kontaktformular, eine SSL- bzw. TLS-Verschl\u00fcsselung. Eine verschl\u00fcsselte Verbindung erkennen Sie\r\n    daran, dass die Adresszeile des Browsers von \u201ehttp:\/\/\u201c auf \u201ehttps:\/\/\u201c wechselt und an dem Schloss-Symbol in Ihrer Browserzeile.\r\n  <\/p>\r\n\r\n  <h3>8. \u00c4nderungen dieser Datenschutzerkl\u00e4rung<\/h3>\r\n  <p>\r\n    Wir behalten uns vor, diese Datenschutzerkl\u00e4rung anzupassen, damit sie stets den aktuellen rechtlichen Anforderungen entspricht\r\n    oder um \u00c4nderungen unserer Leistungen in der Datenschutzerkl\u00e4rung umzusetzen, z.&nbsp;B. bei der Einf\u00fchrung neuer Services.\r\n    F\u00fcr Ihren erneuten Besuch gilt dann die neue Datenschutzerkl\u00e4rung.\r\n  <\/p>\r\n\r\n  <p><em>Stand: November&nbsp;2025<\/em><\/p>\r\n<\/section>\r\n\t\t\t\t<\/div>\n\t\t\t\t<\/div>\n\t\t\t\t\t<\/div>\n\t\t\t\t<\/div>\n\t\t\t\t<\/div>\n\t\t","protected":false},"excerpt":{"rendered":"<p>RECHTLICHE INFORMATIONEN Datenschutzerkl\u00e4rung Zur Startseite 1. Verantwortlicher Verantwortlich f\u00fcr die Datenverarbeitung auf dieser Website ist: Stromkostenimblick Inhaber: Jens&nbsp;Barth Marquardstra\u00dfe&nbsp;9 76835&nbsp;Hainfeld Telefon: 06323&nbsp;7040576 E-Mail: info@stromkostenimblick.de 2. Allgemeines zur Datenverarbeitung Wir verarbeiten personenbezogene Daten unserer Nutzer grunds\u00e4tzlich nur, soweit dies zur Bereitstellung einer funktionsf\u00e4higen Website sowie unserer Inhalte und Leistungen erforderlich ist. Die Verarbeitung personenbezogener Daten erfolgt [&hellip;]<\/p>\n","protected":false},"author":1,"featured_media":0,"parent":0,"menu_order":0,"comment_status":"closed","ping_status":"closed","template":"elementor_header_footer","meta":{"footnotes":""},"class_list":["post-596","page","type-page","status-publish","hentry"],"_links":{"self":[{"href":"https:\/\/stromkostenimblick.entwicklung.waerner-techservices.de\/index.php\/wp-json\/wp\/v2\/pages\/596","targetHints":{"allow":["GET"]}}],"collection":[{"href":"https:\/\/stromkostenimblick.entwicklung.waerner-techservices.de\/index.php\/wp-json\/wp\/v2\/pages"}],"about":[{"href":"https:\/\/stromkostenimblick.entwicklung.waerner-techservices.de\/index.php\/wp-json\/wp\/v2\/types\/page"}],"author":[{"embeddable":true,"href":"https:\/\/stromkostenimblick.entwicklung.waerner-techservices.de\/index.php\/wp-json\/wp\/v2\/users\/1"}],"replies":[{"embeddable":true,"href":"https:\/\/stromkostenimblick.entwicklung.waerner-techservices.de\/index.php\/wp-json\/wp\/v2\/comments?post=596"}],"version-history":[{"count":4,"href":"https:\/\/stromkostenimblick.entwicklung.waerner-techservices.de\/index.php\/wp-json\/wp\/v2\/pages\/596\/revisions"}],"predecessor-version":[{"id":600,"href":"https:\/\/stromkostenimblick.entwicklung.waerner-techservices.de\/index.php\/wp-json\/wp\/v2\/pages\/596\/revisions\/600"}],"wp:attachment":[{"href":"https:\/\/stromkostenimblick.entwicklung.waerner-techservices.de\/index.php\/wp-json\/wp\/v2\/media?parent=596"}],"curies":[{"name":"wp","href":"https:\/\/api.w.org\/{rel}","templated":true}]}}